on divisor of v and f.
25
Suppose -84*t - 48 = -87*t. What is the greatest common divisor of t and 32?
16
Suppose 3*n - 43 = -5*r, -2*r = 3*n - 0*r - 46. Suppose 21*h + 16 = 22*h. What is the greatest common factor of n and h?
16
Let q = -389 - -405. What is the highest common factor of q and 112?
16
Let m(d) = d**2 - d. Let r be m(0). Let b(p) = -p + r*p + 5*p + 7 - 3*p. Let k be b(5). Calculate the greatest common divisor of k and 132.
12
Suppose -h + 6*h = 440. Suppose 2*b - 32 = -4*g + 2*g, -h = -4*g + 2*b. Let f = -42 + 92. Calculate the highest common divisor of f and g.
10
Let l be ((-22)/66)/((-1)/114) + -2. What is the greatest common divisor of 45 and l?
9
Let s be -4 - (-2)/(-3)*90/(-6). Suppose 0 = 2*m - 4*r - 10, 2*r + 7 = m - 2*r. Let q be (m*-5)/((-1)/2). What is the highest common divisor of q and s?
6
Let t be 2 - 2*(-2)/4. Suppose 114 = w - 5*l - 63, -4*w + 708 = -4*l. Let b be t/(-4) + w/12. Calculate the highest common factor of b and 42.
14
Let u be (-90)/12*70/(-25). Calculate the greatest common factor of u and 14.
7
Let c(u) = -122*u + 46. Let x be c(-1). Calculate the highest common divisor of 392 and x.
56
Let w = 23 - -5. Let h be (12/14)/((-60)/(-280)). Calculate the highest common divisor of w and h.
4
Let u(n) = 12*n + 12. Let q be u(-10). Let l = -60 - q. Let p(m) = 2*m**2 + 37*m - 13. Let y be p(-19). What is the greatest common divisor of l and y?
6
Suppose 0 = -2*n - 6, 0 = 2*r + 4*n - 7*n - 31. Let j be 6/(-2)*(r + 2). Let h = j - -72. Calculate the greatest common factor of h and 231.
33
Let x be 3 - (-45)/(-18)*(-24)/10. Suppose w - 124 + 34 = 0. Calculate the highest common factor of x and w.
9
Suppose -243 - 241 = -4*p. Suppose -3*w + 544 = p. Calculate the greatest common divisor of w and 47.
47
Suppose -12*i - 390 = -22*i. What is the greatest common divisor of 169 and i?
13
Let j = -26 - -37. Suppose -j + 2 = -3*g. Calculate the greatest common divisor of g and 21.
3
Let x be 7/(147/36)*(89 - 12). What is the highest common divisor of 24 and x?
12
Suppose -4*x + 103 = -57. What is the greatest common divisor of x and 25?
5
Suppose -430*n + 406*n = -1248. What is the greatest common factor of n and 234?
26
Let t be 46/2 - (-3 + 5). Let g = 31 + -25. Let y be t/g*(2 - 0). What is the highest common divisor of 7 and y?
7
Let b(f) = 16*f**2 - 4. Let a be 3 + -5 + 1*4. Let d be b(a). Let q = d - 40. What is the highest common factor of q and 160?
20
Let y be (-738)/(-2)*(-10 + 341/33). What is the highest common divisor of y and 287?
41
Suppose 2*m - 3*m + 3 = 0. Suppose m*y = 5*f + 1 + 33, -2*y - 5*f = -6. Let b be (29 - 1)*14/y. What is the greatest common factor of 7 and b?
7
Let a(j) = 5*j - 10. Let o be a(3). Let v be -3 + 12/3 - -44. What is the highest common divisor of v and o?
5
Let k(c) = -c**3 - 11*c**2 - 3*c - 20. Let r be k(-11). Suppose -8*j + r = -59. What is the greatest common divisor of j and 18?
9
Suppose 0 = -13*g + 8*g - 10. Suppose 15 - 7 = 3*b - 2*d, -3*b - 3*d + 3 = 0. Let v be g/b*450/(-2). What is the greatest common factor of v and 25?
25
Suppose 0 = -1821*m + 1789*m + 416. Let l = -5 + 10. Suppose -l*w + 52 = -w. Calculate the greatest common factor of m and w.
13
Suppose -10*y + 380 - 40 = 0. What is the highest common factor of y and 68?
34
Let l(g) = -g**3 + 10*g**2 - 8*g + 13. Let v be l(9). Let k(q) = -2*q**3 - 7*q**2 + q - 15. Let h be k(-5). What is the greatest common divisor of h and v?
11
Suppose 3*t - 15 = 0, -14*t - 23 = -2*r - 13*t. Let g = -43 - -141. What is the greatest common divisor of r and g?
14
Let c = 264 + -248. Let p be (-1 - 0)/(1/(-144)). Calculate the greatest common factor of c and p.
16
Let z be 11/(99/(-27)) + 128. What is the greatest common divisor of 25 and z?
25
Suppose 0 = -2*v - 0*v + z + 48, 0 = -v - 2*z + 24. Let o be 20 - 4/(-2) - (5 + -7). Calculate the highest common factor of v and o.
24
Let y = 64 - 58. Suppose 144 = -2*n + y*n. What is the greatest common factor of 18 and n?
18
Let l = -287 + -89. Let f be l/(-8) + -5 + 2. What is the greatest common divisor of f and 4?
4
Let w be 11/44 - (-318)/8. What is the highest common factor of w and 100?
20
Suppose 0 = -x - t + 19, -24*t = -2*x - 22*t + 42. Calculate the highest common factor of x and 4.
4
Suppose 0 = -4*v - 2*p + 126, -7*v - 2*p = -4*v - 94. Calculate the highest common divisor of 18 and v.
2
Let c(p) = 4*p**2 - 2*p. Let z be c(3). Let i(t) = 5*t**3 - t**2 + 6*t + 1. Let j be i(2). Let u = j - 44. Calculate the greatest common divisor of u and z.
5
Let r be 10/(-15) + 123/9. Let z be 1/(((-9)/(-15))/3). Suppose 3*g = 4*q + z*g - 110, -12 = -4*g. Calculate the highest common divisor of q and r.
13
Let j = -72 - -72. Suppose 2*s - 10 = -2*b, j*s - 3*b + 16 = 4*s. Calculate the greatest common factor of 1 and s.
1
Let b be ((-2)/4)/(6/(-864)). Let h(z) = 4*z - 46. Let l be h(13). What is the greatest common factor of b and l?
6
Suppose -2*v - 14*z + 14 = -19*z, -2*v = -2*z - 14. What is the highest common divisor of 287 and v?
7
Suppose 665 = 12*g + 185. Calculate the greatest common factor of g and 180.
20
Let a be (-4)/10 - (-51168)/120. What is the highest common divisor of 142 and a?
142
Let c = 13 - 22. Let w = c - -45. Let t be (27/(-4))/(2*9/(-48)). What is the highest common factor of w and t?
18
Suppose 9*d - 18*d + 882 = 0. Let i = -70 + d. Calculate the highest common divisor of 14 and i.
14
Let b(u) = 29*u**3 + 7*u**2 + u - 3. Let x be b(2). What is the highest common factor of x and 37?
37
Let p(n) = n**2 - n - 2. Let o be p(4). Let x be ((56/o)/(-7))/((-1)/10). What is the highest common divisor of x and 28?
4
Suppose 4*n = -o + 7, 2*n + 3*n + 10 = 0. Suppose -d - o = 2*d, -q + 25 = -3*d. Let v be (16/6)/((-32)/(-48)). What is the greatest common divisor of q and v?
2
Let p(r) = -217*r**3 - r**2 - r - 1. Let v be p(-1). Let q be 4544/168 + (-10)/210. What is the highest common factor of q and v?
27
Let t be 10 + (-7 - (-657 - -11)). Calculate the greatest common factor of 236 and t.
59
Let w = 6 - 2. What is the highest common divisor of 12 and w?
4
Let c(i) = i**3 + 7*i**2 - 8*i - 14. Let j be c(7). Suppose 11*h = 3*h + j. Calculate the highest common factor of h and 22.
11
Let d be 6*((-2)/(-8))/(7/1134). What is the highest common divisor of 567 and d?
81
Let z(x) = 3*x**2 + 2*x - 3 + 5 - 2. Let d be z(2). Let n(r) = -r**3 + 19*r**2 + 9*r - 27. Let a be n(19). What is the highest common divisor of a and d?
16
Suppose -15*f + 24 = -12*f. Suppose -i = -f*i + 126. What is the greatest common divisor of 270 and i?
18
Let h(g) = -7*g - 58. Let l be h(-16). Calculate the highest common factor of 12 and l.
6
Suppose -9*y = -1595 - 1915. What is the highest common divisor of 78 and y?
78
Suppose c = -1288 + 1594. Calculate the greatest common divisor of 72 and c.
18
Let l(n) = n**3 - 11*n**2 - 5*n + 15. Let v = -40 - -52. Let q be l(v). What is the highest common divisor of 11 and q?
11
Let s be (-5 - 19)*441/(-14). What is the greatest common factor of s and 12?
12
Suppose 0 = 18*h - 10975 + 2425. What is the greatest common divisor of h and 25?
25
Suppose 6*c - 72 = 3*c. Suppose 2 = -n + c. What is the highest common divisor of 154 and n?
22
Let j(k) = -k**2 - 18*k + 4. Let y be j(-9). What is the highest common divisor of y and 34?
17
Let h(i) be the first derivative of -i**2/2 + 4*i - 22. Let y be h(0). What is the highest common divisor of y and 4?
4
Let u(a) = -6*a**3 - 4*a**2 - 8*a + 1. Let f be (0 - 4/12)*6. Let k be u(f). What is the highest common factor of 7 and k?
7
Let u(q) = q**3 - 22*q**2 + 45*q + 20. Let m be u(20). What is the greatest common divisor of 80 and m?
40
Let o(z) be the first derivative of 7*z**2 + 4*z - 8. Let b be o(-2). Let a = 25 + b. Calculate the greatest common divisor of 1 and a.
1
Let q be (3 - 4)*(12 + -77). Calculate the greatest common divisor of 143 and q.
13
Suppose 0 = 3*v - 4 - 8. Suppose -w - w + v = 0. Calculate the highest common divisor of w and 22.
2
Let c = 254 + -244. Suppose -a + 0*a = -50. Calculate the greatest common divisor of a and c.
10
Suppose 2*k = 5*t - 881, -5*k - 2 = 13. What is the highest common factor of 25 and t?
25
Let i = 31 + -30. Let n be 5/(5/2)*1. Suppose 0 = 4*c - n*c - 6. What is the highest 